6588 is divided by 18223?
142
Calculate the remainder when 6350 is divided by 1250.
100
What is the remainder when 85461 is divided by 20?
1
What is the remainder when 517501 is divided by 26?
23
What is the remainder when 605058 is divided by 79?
76
Calculate the remainder when 57971 is divided by 1348.
7
Calculate the remainder when 42462 is divided by 10613.
10
Calculate the remainder when 275529 is divided by 934.
933
What is the remainder when 4729 is divided by 944?
9
Calculate the remainder when 89369 is divided by 49.
42
Calculate the remainder when 1296534 is divided by 84.
78
Calculate the remainder when 158276 is divided by 1493.
18
Calculate the remainder when 3982 is divided by 3968.
14
What is the remainder when 4786 is divided by 756?
250
What is the remainder when 434 is divided by 241?
193
Calculate the remainder when 43053 is divided by 31.
25
What is the remainder when 118825 is divided by 528?
25
What is the remainder when 4440747 is divided by 150?
147
Calculate the remainder when 38771 is divided by 9.
8
Calculate the remainder when 44032 is divided by 82.
80
What is the remainder when 168612 is divided by 763?
752
Calculate the remainder when 8967 is divided by 691.
675
Calculate the remainder when 30521 is divided by 26.
23
What is the remainder when 502374 is divided by 2315?
19
Calculate the remainder when 76662 is divided by 25519.
105
What is the remainder when 86904 is divided by 439?
421
Calculate the remainder when 14027 is divided by 2799.
32
Calculate the remainder when 64398 is divided by 28.
26
Calculate the remainder when 1959 is divided by 11.
1
Calculate the remainder when 8258 is divided by 300.
158
What is the remainder when 103308 is divided by 17?
16
What is the remainder when 12448 is divided by 15?
13
Calculate the remainder when 117000 is divided by 714.
618
What is the remainder when 2031 is divided by 60?
51
Calculate the remainder when 710 is divided by 122.
100
Calculate the remainder when 54607 is divided by 804.
739
What is the remainder when 780500 is divided by 390247?
6
What is the remainder when 32487 is divided by 1454?
499
What is the remainder when 1263268 is divided by 343?
342
Calculate the remainder when 108990 is divided by 38.
6
What is the remainder when 124607 is divided by 296?
287
What is the remainder when 8352 is divided by 295?
92
What is the remainder when 70724 is divided by 24?
20
Calculate the remainder when 67004 is divided by 33475.
54
What is the remainder when 75006 is divided by 266?
260
What is the remainder when 3770 is divided by 82?
80
Calculate the remainder when 137689 is divided by 14.
13
What is the remainder when 248767 is divided by 220?
167
Calculate the remainder when 30706 is divided by 31.
16
Calculate the remainder when 33391 is divided by 33355.
36
What is the remainder when 31512 is divided by 11?
8
What is the remainder when 92204 is divided by 41?
36
What is the remainder when 73413 is divided by 8?
5
What is the remainder when 21191 is divided by 731?
723
What is the remainder when 5779 is divided by 111?
7
Calculate the remainder when 7157 is divided by 1779.
41
What is the remainder when 497135 is divided by 69?
59
Calculate the remainder when 9432 is divided by 52.
20
Calculate the remainder when 967380 is divided by 451.
436
What is the remainder when 15133 is divided by 66?
19
What is the remainder when 344915 is divided by 234?
233
Calculate the remainder when 12236 is divided by 12.
8
What is the remainder when 19664 is divided by 819?
8
Calculate the remainder when 2238 is divided by 385.
313
Calculate the remainder when 2243 is divided by 77.
10
Calculate the remainder when 17690 is divided by 2209.
18
What is the remainder when 1471267 is divided by 367813?
15
What is the remainder when 2735 is divided by 436?
119
Calculate the remainder when 37391 is divided by 778.
47
What is the remainder when 36482 is divided by 107?
102
Calculate the remainder when 3954 is divided by 331.
313
What is the remainder when 1666 is divided by 358?
234
What is the remainder when 226965 is divided by 25217?
12
What is the remainder when 390662 is divided by 232?
206
What is the remainder when 9669 is divided by 9651?
18
Calculate the remainder when 2994 is divided by 420.
54
What is the remainder when 29836 is divided by 9939?
19
Calculate the remainder when 8894 is divided by 59.
44
Calculate the remainder when 14883 is divided by 1273.
880
Calculate the remainder when 939 is divided by 228.
27
What is the remainder when 2105289 is divided by 706?
703
Calculate the remainder when 2951 is divided by 24.
23
Calculate the remainder when 7971 is divided by 6.
3
What is the remainder when 68649 is divided by 572?
9
What is the remainder when 27503 is divided by 2291?
11
Calculate the remainder when 95878 is divided by 8.
6
Calculate the remainder when 4874 is divided by 327.
296
Calculate the remainder when 63252 is divided by 7023.
45
What is the remainder when 23637 is divided by 56?
5
Calculate the remainder when 21361 is divided by 5333.
29
What is the remainder when 75918 is divided by 1380?
18
What is the remainder when 3282 is divided by 325?
32
What is the remainder when 4083 is divided by 505?
43
What is the remainder when 207337 is divided by 10?
7
Calculate the remainder when 186859 is divided by 63.
1
What is the remainder when 7709 is divided by 1534?
39
What is the remainder when 139584 is divided by 495?
489
Calculate the remainder when 301899 is divided by 6.
3
What is the remainder when 94953 is divided by 51?
42
What is the remainder when 2141107 is divided by 557?
556
What is the remainder when 49627 is divided by 57?
37
Calculate the remainder when 91549 is divided by 1271.
37
What is the remainder when 15547 is divided by 259?
7
Calculate the remainder when 16022 is divided by 886.
74
Calculate the remainder when 2316 is divided by 2255.
61
Calculate the remainder when 2541 is divided by 252.
21
What is the remainder when 5227 is divided by 1073?
935
Calculate the remainder when 11065 is divided by 3686.
7
Calculate the remainder when 63463 is divided by 3.
1
What is the remainder when 64992 is divided by 260?
252
What is the remainder when 171112 is divided by 134?
128
Calculate the remainder when 1236 is divided by 300.
36
Calculate the remainder when 13766 is divided by 104.
38
Calculate the remainder when 812 is divided by 262.
26
Calculate the remainder when 6542 is divided by 69.
56
Calculate the remainder when 6027 is divided by 262.
1
Calculate the remainder when 2159 is divided by 238.
17
Calculate the remainder when 22665 is divided by 199.
178
Calculate the remainder when 458581 is divided by 229288.
5
What is the remainder when 21191 is divided by 10549?
93
What is the remainder when 8701 is divided by 8662?
39
Calculate the remainder when 1298 is divided by 633.
32
Calculate the remainder when 8786 is divided by 4371.
44
Calculate the remainder when 92015 is divided by 2875.
15
What is the remainder when 31977 is divided by 533?
530
Calculate the remainder when 15156 is divided by 143.
141
Calculate the remainder when 15044 is divided by 86.
80
Calculate the remainder when 8344 is divided by 4090.
164
Calculate the remainder when 11696 is divided by 24.
8
What is the remainder when 1342 is divided by 1229?
113
Calculate the remainder when 192 is divided by 176.
16
What is the remainder when 253436 is divided by 20?
16
Calculate the remainder when 277017 is divided by 513.
510
Calculate the remainder when 2001 is divided by 27.
3
What is the remainder when 2192 is divided by 971?
250
Calculate the remainder when 1231 is divided by 498.
235
What is the remainder when 5972 is divided by 1493?
0
Calculate the remainder when 22136 is divided by 363.
356
Calculate the remainder when 18506 is divided by 1115.
666
Calculate the remainder when 21662 is divided by 5392.
94
Calculate the remainder when 3231 is divided by 111.
12
What is the remainder when 1857927 is divided by 231?
225
What is the remainder when 161550 is divided by 28?
18
Calculate the remainder when 1710 is divided by 98.
44
Calculate the remainder when 218709 is divided by 26.
23
What is the remainder when 5249 is divided by 67?
23
Calculate the remainder when 4